{"id":18,"date":"2023-07-19T04:48:15","date_gmt":"2023-07-19T03:48:15","guid":{"rendered":"https:\/\/juliotorresoto.com\/?page_id=18"},"modified":"2025-08-05T22:51:38","modified_gmt":"2025-08-06T02:51:38","slug":"julio-torresoto","status":"publish","type":"page","link":"https:\/\/juliotorresoto.com\/","title":{"rendered":"Julio Torresoto"},"content":{"rendered":"<div class=\"wp-block-image\">\n<figure class=\"alignleft size-full\"><img decoding=\"async\" width=\"140\" height=\"203\" src=\"http:\/\/juliotorresoto.com\/wp-content\/uploads\/2023\/07\/juliotorresoto2.jpg\" alt=\"\" class=\"wp-image-19\"\/><\/figure><\/div>\n\n<div class=\"wp-block-image\">\n<figure class=\"alignright size-full is-resized\"><a href=\"https:\/\/a.co\/d\/95pgIJO\" target=\"_blank\" rel=\" noreferrer noopener\"><img fetchpriority=\"high\" decoding=\"async\" width=\"257\" height=\"360\" src=\"http:\/\/juliotorresoto.com\/wp-content\/uploads\/2025\/08\/RaicesEnElAire2.jpg\" alt=\"\" class=\"wp-image-261\" style=\"width:138px;height:auto\" srcset=\"https:\/\/juliotorresoto.com\/wp-content\/uploads\/2025\/08\/RaicesEnElAire2.jpg 257w, https:\/\/juliotorresoto.com\/wp-content\/uploads\/2025\/08\/RaicesEnElAire2-214x300.jpg 214w\" sizes=\"(max-width: 257px) 100vw, 257px\" \/><\/a><figcaption class=\"wp-element-caption\"><strong>Su Nuevo libro<\/strong><br><strong>oprima para comprar<\/strong><\/figcaption><\/figure><\/div>\n\n\n<p><\/p>\n\n\n\n<div class=\"wp-block-group is-nowrap is-layout-flex wp-container-core-group-is-layout-6c531013 wp-block-group-is-layout-flex\">\n<p>Por Miguel L\u00f3pez Ortiz<\/p>\n<\/div>\n\n\n\n<p>Fundaci\u00f3n Nacional para la Cultura Popular<\/p>\n\n\n\n<p>Todav\u00eda queda presente en la memoria de muchos su magistral caracterizaci\u00f3n de \u201cCarlos\u201d en la pel\u00edcula \u201cAtrapados\u201d, dirigida por Mathew Patrick y que protagoniz\u00f3 junto a su esposa, la venezolana Sonia Vivas (\u201cAlba\u201d), en 1981. Era la historia de una pareja que quedaba atrapada en un apartamento luego de un terremoto. Valga recordar que Sonia, fallecida hace un lustro, fue durante largo tiempo la voz principal del noticiario ma\u00f1anero de WRTU FM \/ Radio Universidad de Puerto Rico.<\/p>\n\n\n\n<p>Entre sus principales trabajos cinematogr\u00e1ficos debe mencionarse su aparici\u00f3n en la cinta \u201cManhattan Merengue\u201d (1995) y en recientes producciones realizadas para emitirse a trav\u00e9s de la televisi\u00f3n. A \u00faltimas fechas intervino en \u201cEl Cimarr\u00f3n\u201d \u2013 dirigida por Iv\u00e1n Dariel Ortiz y pr\u00f3xima a estrenarse \u2013 y en \u201cLadrones y mentirosos\u201d, de Ricardo M\u00e9ndez Matta y Poli Marichal.<br><\/p>\n\n\n\n<div class=\"wp-block-group is-nowrap is-layout-flex wp-container-core-group-is-layout-6c531013 wp-block-group-is-layout-flex\">\n<p>El actor Julio Torresoto acaba de editar su primer compacto de poes\u00eda. (Foto Javier Santiago \/ Fundaci\u00f3n Nacional para la Cultura Popular)<\/p>\n<\/div>\n\n\n\n<p>Desde que contaba quince a\u00f1os de edad, Julio Torresoto ha desarrollado una intensa actividad como actor en toda clase de escenarios: teatro, radio, televisi\u00f3n y cine. Su presencia encarnando toda clase de personajes en melodramas emitidos a trav\u00e9s de la pantalla chica le ha hecho acreedor a un respetable sitial en el ambiente art\u00edstico de nuestro Pa\u00eds.<\/p>\n\n\n\n<figure class=\"wp-block-image size-full is-resized\"><img decoding=\"async\" width=\"610\" height=\"375\" src=\"https:\/\/juliotorresoto.com\/wp-content\/uploads\/2023\/07\/comp.jpg\" alt=\"\" class=\"wp-image-149\" style=\"width:638px;height:392px\" srcset=\"https:\/\/juliotorresoto.com\/wp-content\/uploads\/2023\/07\/comp.jpg 610w, https:\/\/juliotorresoto.com\/wp-content\/uploads\/2023\/07\/comp-300x184.jpg 300w\" sizes=\"(max-width: 610px) 100vw, 610px\" \/><\/figure>\n\n\n\n<p><\/p>\n","protected":false},"excerpt":{"rendered":"<p>Por Miguel L\u00f3pez Ortiz Fundaci\u00f3n Nacional para la Cultura Popular Todav\u00eda queda presente en la memoria de muchos su magistral caracterizaci\u00f3n de \u201cCarlos\u201d en la pel\u00edcula \u201cAtrapados\u201d, dirigida por Mathew Patrick y que protagoniz\u00f3 junto a su esposa, la venezolana Sonia Vivas (\u201cAlba\u201d), en 1981. Era la historia de una pareja que quedaba atrapada en &hellip; <a href=\"https:\/\/juliotorresoto.com\/\" class=\"more-link\">Continue reading <span class=\"screen-reader-text\">Julio Torresoto<\/span> <span class=\"meta-nav\">&rarr;<\/span><\/a><\/p>\n","protected":false},"author":1,"featured_media":0,"parent":0,"menu_order":0,"comment_status":"closed","ping_status":"closed","template":"","meta":{"footnotes":""},"class_list":["post-18","page","type-page","status-publish","hentry"],"_links":{"self":[{"href":"https:\/\/juliotorresoto.com\/index.php?rest_route=\/wp\/v2\/pages\/18","targetHints":{"allow":["GET"]}}],"collection":[{"href":"https:\/\/juliotorresoto.com\/index.php?rest_route=\/wp\/v2\/pages"}],"about":[{"href":"https:\/\/juliotorresoto.com\/index.php?rest_route=\/wp\/v2\/types\/page"}],"author":[{"embeddable":true,"href":"https:\/\/juliotorresoto.com\/index.php?rest_route=\/wp\/v2\/users\/1"}],"replies":[{"embeddable":true,"href":"https:\/\/juliotorresoto.com\/index.php?rest_route=%2Fwp%2Fv2%2Fcomments&post=18"}],"version-history":[{"count":9,"href":"https:\/\/juliotorresoto.com\/index.php?rest_route=\/wp\/v2\/pages\/18\/revisions"}],"predecessor-version":[{"id":283,"href":"https:\/\/juliotorresoto.com\/index.php?rest_route=\/wp\/v2\/pages\/18\/revisions\/283"}],"wp:attachment":[{"href":"https:\/\/juliotorresoto.com\/index.php?rest_route=%2Fwp%2Fv2%2Fmedia&parent=18"}],"curies":[{"name":"wp","href":"https:\/\/api.w.org\/{rel}","templated":true}]}}

<div class="wp-block-image">
<figure class="alignleft size-full"><img decoding="async" width="140" height="203" src="http://juliotorresoto.com/wp-content/uploads/2023/07/juliotorresoto2.jpg" alt="" class="wp-image-19"/></figure></div>

<div class="wp-block-image">
<figure class="alignright size-full is-resized"><a href="https://a.co/d/95pgIJO" target="_blank" rel=" noreferrer noopener"><img fetchpriority="high" decoding="async" width="257" height="360" src="http://juliotorresoto.com/wp-content/uploads/2025/08/RaicesEnElAire2.jpg" alt="" class="wp-image-261" style="width:138px;height:auto" srcset="https://juliotorresoto.com/wp-content/uploads/2025/08/RaicesEnElAire2.jpg 257w, https://juliotorresoto.com/wp-content/uploads/2025/08/RaicesEnElAire2-214x300.jpg 214w" sizes="(max-width: 257px) 100vw, 257px" /></a><figcaption class="wp-element-caption"><strong>Su Nuevo libro</strong><br><strong>oprima para comprar</strong></figcaption></figure></div>


<p></p>



<div class="wp-block-group is-nowrap is-layout-flex wp-container-core-group-is-layout-6c531013 wp-block-group-is-layout-flex">
<p>Por Miguel López Ortiz</p>
</div>



<p>Fundación Nacional para la Cultura Popular</p>



<p>Todavía queda presente en la memoria de muchos su magistral caracterización de “Carlos” en la película “Atrapados”, dirigida por Mathew Patrick y que protagonizó junto a su esposa, la venezolana Sonia Vivas (“Alba”), en 1981. Era la historia de una pareja que quedaba atrapada en un apartamento luego de un terremoto. Valga recordar que Sonia, fallecida hace un lustro, fue durante largo tiempo la voz principal del noticiario mañanero de WRTU FM / Radio Universidad de Puerto Rico.</p>



<p>Entre sus principales trabajos cinematográficos debe mencionarse su aparición en la cinta “Manhattan Merengue” (1995) y en recientes producciones realizadas para emitirse a través de la televisión. A últimas fechas intervino en “El Cimarrón” – dirigida por Iván Dariel Ortiz y próxima a estrenarse – y en “Ladrones y mentirosos”, de Ricardo Méndez Matta y Poli Marichal.<br></p>



<div class="wp-block-group is-nowrap is-layout-flex wp-container-core-group-is-layout-6c531013 wp-block-group-is-layout-flex">
<p>El actor Julio Torresoto acaba de editar su primer compacto de poesía. (Foto Javier Santiago / Fundación Nacional para la Cultura Popular)</p>
</div>



<p>Desde que contaba quince años de edad, Julio Torresoto ha desarrollado una intensa actividad como actor en toda clase de escenarios: teatro, radio, televisión y cine. Su presencia encarnando toda clase de personajes en melodramas emitidos a través de la pantalla chica le ha hecho acreedor a un respetable sitial en el ambiente artístico de nuestro País.</p>



<figure class="wp-block-image size-full is-resized"><img decoding="async" width="610" height="375" src="https://juliotorresoto.com/wp-content/uploads/2023/07/comp.jpg" alt="" class="wp-image-149" style="width:638px;height:392px" srcset="https://juliotorresoto.com/wp-content/uploads/2023/07/comp.jpg 610w, https://juliotorresoto.com/wp-content/uploads/2023/07/comp-300x184.jpg 300w" sizes="(max-width: 610px) 100vw, 610px" /></figure>



<p></p>

<p>Por Miguel López Ortiz Fundación Nacional para la Cultura Popular Todavía queda presente en la memoria de muchos su magistral caracterización de “Carlos” en la película “Atrapados”, dirigida por Mathew Patrick y que protagonizó junto a su esposa, la venezolana Sonia Vivas (“Alba”), en 1981. Era la historia de una pareja que quedaba atrapada en &hellip; <a href="https://juliotorresoto.com/" class="more-link">Continue reading <span class="screen-reader-text">Julio Torresoto</span> <span class="meta-nav">&rarr;</span></a></p>
